u**2 - 13*u + 19. Let v(r) = -7*h(r) - 5*l(r). Calculate v(b).
8
Let b(g) be the first derivative of g**4/4 + g**3/3 + g**2/2 + 4. Let l(x) = -x + 1. Let v be l(1). What is b(v)?
0
Let k(c) = c**2 - 7*c + 9. Let j = 40 - 34. Give k(j).
3
Let s(o) = -o**2 + 2*o + 2. Let a(y) = y + 1. Let p(w) = 3*a(w) - s(w). Give p(-2).
3
Let j(l) be the first derivative of -l**2 + 3*l + 43. What is j(4)?
-5
Let s(r) = r**2 + r - 3. Let x(b) = -b**2 + 13*b + 4. Let z be x(13). Suppose p + z*h + 3 = -16, 0 = 2*p - 4*h - 10. What is s(p)?
3
Let a(h) be the first derivative of h**4/4 + 7*h**3/3 + 5*h**2/2 - 18. Give a(-5).
25
Let s(u) = u**2 - 5*u + 2. Let c(t) = t**2 + 11*t + 5. Let h be c(-11). Determine s(h).
2
Let z(l) be the second derivative of l**5/60 + l**4/24 - l**3/6 - l**2/2 + l. Let i(j) be the first derivative of z(j). Let f be ((-6)/15)/(1/5). What is i(f)?
1
Let k(q) be the second derivative of -q**4/12 + q**3 - 7*q**2/2 + q. Let s = -7 + 11. Let h be s/(-2 - 2) - -6. Determine k(h).
-2
Let n(u) = -u. Let k(f) = 6*f + 6. Let y(h) = k(h) + 4*n(h). Let j be -6 + 0 - (-2 - -1). Determine y(j).
-4
Let y(p) = -18*p. Let z = -105 - -104. What is y(z)?
18
Let n be 2*-3*2/(-12). Let t(l) = -l**2 + 1. Determine t(n).
0
Let g(x) = 5*x**2 + 1 + 2 - x - x**3 - 5. Calculate g(3).
13
Let p be 357/28 - (-2)/8. Let k(j) = -p - 13 + j + 15. What is k(0)?
-11
Suppose d = 3*s - 17, -4*d - d + 3*s = 25. Let w = d - -6. Let t(j) = 2*j - j**2 + 0*j + w*j - 5. What is t(6)?
-5
Suppose 11*t = 6*t + 35. Let d(g) = -g**3 + 7*g**2 + 3. What is d(t)?
3
Let l = -1 + 2. Let h = 2 - l. Let c(o) = 4*o**3 + o**2. Determine c(h).
5
Let a(k) be the third derivative of k**5/60 - k**4/6 + k**3/2 + 18*k**2. Determine a(5).
8
Let j be 0 + -3 + 5 + 2. Let m(i) = -i**3 + 4*i**2 + 2. Give m(j).
2
Let m(h) = h**2 + 2*h + 1. Suppose -5*n - i - 20 = -0*i, -4*i + 4 = -n. What is m(n)?
9
Let f = -7 + 10. Suppose f*k = -v - 5, 3*k + 3*v = -k - 15. Let m(b) = -b**2 - b - 1. Determine m(k).
-1
Let r(b) = -b. Let h(y) = 2*y - 1. Let q(v) = h(v) - 2*r(v). What is q(-3)?
-13
Let o be (-3)/12*8/(-2). Let b(z) = -o + 2*z - 5*z + z - 5*z. Let n be ((-2)/(-4))/((-8)/16). Calculate b(n).
6
Let g be 4*(-2)/(5 + -3). Let d(p) = -p**2 - 3*p + 4. Calculate d(g).
0
Let u(q) = -q**3 - 7*q**2 + 31*q + 11. Let d be u(-10). Let f(a) = 2*a. What is f(d)?
2
Suppose -76 = -5*a - m, -2*m = -a - 0*a + 13. Suppose k + 3*j + a = 6*k, 2*k - 20 = 4*j. Let f(w) = -w**3 + w**2 + w - 5. Determine f(k).
-5
Let f(r) be the third derivative of -r**6/120 + r**5/12 + r**4/8 - r**3 - 14*r**2. Give f(5).
9
Let r be 15*(-4)/(15 + -3). Let o(n) = n**3 + 6*n**2 + 3*n - 3. What is o(r)?
7
Let v(h) = -h**3 + 2*h**2 + h. Let j be v(2). Suppose -b = -4, 5*z + 0*z + j*b = 33. Suppose -z*y = -2*y + 12. Let f(d) = d. Calculate f(y).
-4
Let v = 35 - 24. Let f = v - 8. Let x(b) = -4*b - 2 + 5 + 5*b. Give x(f).
6
Let z(j) be the first derivative of -j**5/60 + j**4/24 - 4*j**3/3 - 2. Let d(y) be the third derivative of z(y). Determine d(4).
-7
Let v(c) = c**2 - 8*c + 9. Let k = -44 - -52. What is v(k)?
9
Let p(j) = -j**2 + 8*j - 8. Let g(u) = -u**2 + u + 6. Let t be g(0). Give p(t).
4
Let y(o) = -o - 7. Let d be y(-7). Let u(v) = v**2 - v. Let q be u(2). Let r(n) = n**3 - n**q + 2 - n - 1 + d + 0. Give r(0).
1
Let a(s) = s**3 + 7*s**2 + 1. Let l be a(-7). Let h be 1/3 + 1/(-3). Let b(n) = -n + 10*n**3 - n + h*n + 1. Calculate b(l).
9
Let i(c) be the first derivative of 2*c - 1 - 4/3*c**3 + c**2 + 1/2*c**4. Give i(2).
6
Let b(w) = -w**2 + w + 16. Let y = 71 - 71. Calculate b(y).
16
Suppose 0 = r - 3*s - 2*s - 17, -2*s = -r + 8. Let b = 2 - 1. Let p(k) = -k - 3 - r - b. Calculate p(0).
-6
Suppose -4*a - 72 = -16*a. Let c(h) = h**2 - 5*h - 7. Give c(a).
-1
Let w(t) be the first derivative of t**4/4 + t**3 - 2*t**2 + t + 3. Suppose 3*h = -z - 19, -4*z + 4*h + h = -9. What is w(z)?
1
Let z(g) = g**2 - 4*g - 2. Suppose 2*t = 5*t. Suppose 5*j + 35 = u + 4*u, t = 3*j + 6. Determine z(u).
3
Let v(d) be the first derivative of -d**2 - d + 2. Suppose -7*y + 3*y + 3*j + 15 = 0, 5*j = -4*y + 39. Suppose y = -5*q + 2*q - 2*p, -4*p = 0. Determine v(q).
3
Let t(g) = 0*g**2 - g**3 - 3*g + 5*g - 3 + 5*g**2 + 0*g**2. Suppose 15 = 4*b - b. What is t(b)?
7
Let c(i) be the third derivative of -i**6/120 + i**4/24 + i**3/6 - i**2. Suppose -z + 2*d = 2*z - 2, -14 = -4*z - 3*d. Suppose r = -r - z. What is c(r)?
1
Suppose 2*y - 25 = -2*y - n, 3*y + 2*n - 25 = 0. Let b(z) = -z**2 + 4*z + 1. What is b(y)?
-4
Let s(p) = -2*p**3 + p + 1. Suppose -6*y + 1 = 7. Determine s(y).
2
Let h(i) = i - 1. Let n(x) = -3*x + 9. Let u(t) = 4*h(t) + n(t). Determine u(0).
5
Let i = 6 + -9. Let b(f) = -f**3 - 4*f**2 - 2*f - 3. Give b(i).
-6
Let n(g) = -g**2 - 4*g - 2. Suppose 5*s - 28 = 2*d - 12, 0 = d - s + 2. Suppose 2 = d*w + 8. What is n(w)?
1
Let p(n) be the third derivative of -n**8/6720 - n**7/5040 + n**6/720 + n**5/20 + 2*n**2. Let b(l) be the third derivative of p(l). What is b(1)?
-3
Let u(k) = k**2 + 7*k - 2. Let y be u(-7). Let f(w) = w**3 - 2*w**2 - 3*w - 1. Give f(y).
-11
Let u be 7*(-1 - -5 - 3). Let l = u + -5. Let b(i) = -3 + 3 - 2 + 2*i. Calculate b(l).
2
Let m = -20 + 29. Suppose -3*t + 3 = -m. Let k(z) = -3*z + 1. Give k(t).
-11
Let i be 1/1 - (0 - 2). Suppose -n = -i*n + 2. Let k(o) = 9*o. Calculate k(n).
9
Let b(z) = -12 + 2 + 6*z + 1 - 4*z. Suppose -21 = -4*d + 3. Determine b(d).
3
Let k(i) = i**3 - 12*i**2 - 14*i + 13. Let j be k(13). Suppose -v = -2*x - 3*x - 22, 3*x + 4*v + 4 = j. Let q(t) = -3*t + 2. Determine q(x).
14
Let f(r) = -r**2 - r + 3. Let l = -3 + 4. Let g be 2/4*4/l. Suppose -y - m - 15 = g*y, -28 = 4*y + 4*m. Determine f(y).
-9
Let t(z) be the second derivative of 4*z**4/3 - z**2/2 + 5*z. What is t(1)?
15
Let t(z) = -13*z - 1. Suppose 3*d = -2 - 1. Calculate t(d).
12
Suppose 3*v - 2*d = 6, -6 = -4*v - 5*d + 25. Let n(x) = x**2 - 7*x + 5. What is n(v)?
-7
Let r(w) be the third derivative of w**6/360 - w**5/120 + 5*w**4/24 + w**2. Let o(l) be the second derivative of r(l). Determine o(-3).
-7
Let r be 18/5 - (-6)/15. Suppose w = -5*t - r*w - 40, 0 = -5*t - 4*w - 36. Let h(n) = 6*n. Let y(f) = -7*f. Let k(b) = -5*h(b) - 4*y(b). Give k(t).
8
Let t(n) be the first derivative of n**3/3 + 3*n**2 + 7*n - 1. Let y(k) = -3*k**3 - k**2 - 3*k + 2. Let f be y(1). Give t(f).
2
Let t(a) = 9*a**3 - 6*a**2 - 2*a - 9. Let k(c) = 5*c**3 - 3*c**2 - c - 5. Let v(f) = 11*k(f) - 6*t(f). What is v(-2)?
1
Let h = 4 - -1. Let i(s) = s**3 - 4 - h*s**2 - 1 - s + 4*s. Give i(5).
10
Let z(n) = 5*n**2. Suppose 8 = -5*k + a, 3*k + 6*a - a - 12 = 0. Calculate z(k).
5
Let z(o) be the second derivative of -o**5/20 - o**4/2 - 2*o**3/3 + o**2/2 - 2*o. Determine z(-3).
-14
Let d(i) be the second derivative of -1/3*i**3 + 1/20*i**5 - i + 0 + 1/2*i**2 + 1/12*i**4. What is d(1)?
1
Let m be ((-12)/9)/(2/(-3)). Let u(y) = -7*y**2 + y - 2. Calculate u(m).
-28
Let c(n) = n + 11. Let q be c(-15). Let k(i) = -i**3 + 5*i**2 + i + 2. Let p(d) = d**2. Let o(x) = q*p(x) + k(x). Determine o(-2).
12
Let t(l) be the first derivative of -l**2/2 - 1. Let g(u) = 6*u**3 + u**2. Let x be g(-1). Let p = x - -5. Give t(p).
0
Let w(o) = 6*o + 1. Let j be (-4)/(-10) - (-96)/(-40). Calculate w(j).
-11
Suppose -22 = 4*b - 2. Let o(t) = 17*t - 7. Let n(s) = 9*s - 4. Let u(l) = b*n(l) + 3*o(l). Calculate u(-1).
-7
Let t(u) = u + 9. Suppose 36 = -4*x - 2*s, -3*s = 5*x - 4*s + 31. What is t(x)?
2
Let u(m) = m**2 + 5*m + 3. Let p = 9 + -9. Suppose y + 5 + p = 0. Give u(y).
3
Let q(u) = -2*u**2 - 8*u**3 - 8*u**3 - 2*u**3 + 19*u**3 + 2*u + 2. Determine q(2).
6
Let o(s) = -2 + 2*s - 4*s + 3*s. Let y be 3/(-4) + (-6)/(-8). Determine o(y).
-2
Let o(x) = -x**2 + 6*x - 2. Let a be -5 + -2 + 7 + -2. Let q = a - -8. Let b = q - 1. Determine o(b).
3
Let m(j) = -1 + 5*j + 5 - 2*j. Let b be -1*(-4)/(8/(-6)). Calculate m(b).
-5
Let z = 21 - 25. Let a(s) = -1 - s**2 + 0*s - 6*s - 4 + 0. Calculate a(z).
3
Let v(u) = u - 1. Let p be v(5). Suppose -2*n - 3*r = -18, 5*r = 2*n - 0*r + 14. Let k(d) = d**n - 4 - 5*d**2 - 2*d + 6*d + 2*d. Determine k(p).
4
Let n(s) = -s - 10. Let q be n(-8). Let y(k) = -2*k + 5. Let o(w) = 3*w - 6. Let j(p) = 5*o(p) + 6*y(p). Give j(q).
-6
Let c(a) be the third derivative of -a**6/120 + a**5/6 + a**4/24 - a